 (-1 - 0)).
2
Calculate (1 - 4) + -7 + -6 + 12.
-4
Evaluate (-6 - (-2 - 4)) + (-6 - -5).
-1
Calculate (0 - (3 - 3)) + 0.
0
What is the value of -8 + (-2 - (-3 - 2))?
-5
Evaluate -1 + 14 - (15 + -8).
6
What is the value of (-2 - (-11 + 11)) + -4?
-6
Calculate -13 + 13 + -1 + -3 + 11.
7
What is -10 + 11 - (0 - (1 - 4))?
-2
Evaluate 8 + -1 + 0 + -13 + 14.
8
Evaluate -1 - (18 + -12) - -16.
9
What is (5 - 6) + 5 + -1 + -8?
-5
1 - (-6 - (-1 + -10))
-4
Calculate 1 + (8 - 7) + -7.
-5
Calculate (-121 - -129) + (1 - 8).
1
Calculate (-14 + 6 - -1 - -12) + 4.
9
-11 + 12 + -8 + 2
-5
Calculate 9 - (9 - (0 + 4)).
4
What is the value of 3 - 2 - 2 - (3 - -1)?
-5
Evaluate 1 + 3 + -22 + 17 + -7.
-8
-2 - 4 - (-5 - (-3 + 0))
-4
0 + 5 + (-3 - -1)
3
Calculate (-8 + 4 - (-4 - 1)) + 1.
2
Evaluate -1 + (-4 - (-1 - -1)).
-5
Evaluate 4 + 0 + -1 + -5 + 7.
5
What is the value of -7 - (-2 - -5 - 5)?
-5
(-55 - -47) + 4 + -1
-5
What is 0 + -3 + (13 - -1 - 6)?
5
Evaluate 9 + -11 - (-9 - -3).
4
What is 1 + (13 - 17) - (1 + 2)?
-6
Evaluate 8 - 4 - (-1 - (-2 - 0)).
3
3 + (4 - 11) - -6
2
What is the value of 56 - 52 - (1 + 1)?
2
0 + -9 + (36 - 30)
-3
Calculate 0 - 1 - -4 - (10 + -8).
1
What is -5 + 0 - (7 + -10)?
-2
Evaluate (-1 - -2) + (3 - 9).
-5
What is -6 - (-8 - -3 - -4)?
-5
What is 13 - (8 - (1 + 2))?
8
Evaluate 2 + -12 + 8 + 1 + 0.
-1
(1 - 2) + (-2 - (4 - 7))
0
6 - ((-5 + 4 - -6) + -2)
3
-4 + 0 - (10 - (1 + 8))
-5
What is -3 - (0 - (-2 - (1 - 1)))?
-5
Calculate (2 + -3 - -7) + -3.
3
3 - (0 + -3) - (-20 + 21)
5
Calculate 9 + -7 - (0 - 0) - 2.
0
What is -1 + (-4 + 3 + 7 - 3)?
2
What is 3 + 1 - (-4 - (-17 - -9))?
0
What is the value of -7 + 6 + 6 + 3?
8
(1 - (-2 + -2)) + 1 + -5
1
Calculate -8 + (-2 - (-2 - 7)).
-1
Evaluate -5 + 0 + 3 - -2.
0
Calculate 1 - (6 - 3 - 9).
7
-1 - (-2 - 3) - 9
-5
What is the value of (1 - 5) + -4 + 9?
1
3 + -4 - (-1 - -1)
-1
Calculate 9 + 1 + (-17 - -5).
-2
Calculate -4 + (4 - 6) + 4.
-2
(1 - 3) + (-1 - 1) + -1
-5
(-1 - 5) + 27 + -19
2
Evaluate (-5 - (-4 - 0)) + -1.
-2
What is 5 - (0 + 1) - (-4 - -5)?
3
What is the value of -1 - (-3 + 2) - (-4 - 0)?
4
What is the value of -3 + 12 - 8 - 7?
-6
Calculate -3 + (-14 - (-17 - -10)).
-10
Calculate -1 - -4 - (-1 - 0).
4
Evaluate (2 - -5) + -9 + -4.
-6
0 - ((4 - -2) + 5 + -8)
-3
Calculate -4 + (2 - 9 - -8).
-3
Calculate (-5 + -1 - -7) + 1 + -3.
-1
Calculate -4 + 0 - (31 + -43).
8
What is the value of (21 - 24) + (2 - -1)?
0
What is 83 + -76 + -15 + 1?
-7
Calculate 0 - -5 - (6 - (8 + -9)).
-2
-7 + -2 - -9 - (0 + 0)
0
Evaluate 4 + (2 + -6 + -4 - 1).
-5
Evaluate -1 - 4 - (2 - 0 - 5).
-2
What is the value of -2 - -7 - (16 + -6)?
-5
-3 + 7 + -3 - (-9 - -8)
2
What is the value of 2 + (3 - 0) + (-2 - -1)?
4
What is 7 - (5 - 2 - 0) - 3?
1
What is the value of -6 - -2 - 4 - -2?
-6
-5 - ((-2 - -4) + -2)
-5
What is 10 + -3 + -6 + -3 + -4?
-6
Calculate (2 + 0 - (0 + 2)) + 3.
3
What is -7 + -5 + 17 + -7 + 2?
0
What is 4 - ((1 - (0 - 2)) + -2)?
3
What is the value of -8 - (10 + -15) - -3?
0
Calculate -8 + 6 + (0 - (2 - -1)).
-5
What is 0 + (-1 - 2) + (3 - -4)?
4
(-1 - -1) + -14 + 11 + 1
-2
What is the value of -7 + 27 + -13 + -1?
6
9 - (21 + -13) - 7
-6
What is 1 - (1 + -4 - -1)?
3
What is (3 - (9 + 2)) + 5?
-3
Evaluate 1 + -11 + 2 + 11.
3
Evaluate -21 + 15 + (5 - 2).
-3
Evaluate (0 - 0) + -11 + 13.
2
What is 38 + -43 - (-5 + -3)?
3
Calculate (-3 + 12 - 15) + 8.
2
2 + 1 + (-26 - -22) + -2
-3
What is 10 + (-5 - (-3 + 15))?
-7
What is -1 + 1 + 1 + -3 + 8?
6
What is -2 + (1 + 0 - (19 + -13))?
-7
What is the value of -1 + 0 - (-18 - -23)?
-6
What is the value of -10 + 9 + 13 - 15?
-3
What is the value of 3 + 2 + -5 - 1 - -2?
1
Calculate 5 + 0 + -1 + 2 + -1.
5
What is the value of -5 + -2 + 14 + -4?
3
What is the value of 7 - 1 - (15 - (6 - -3))?
0
What is 0 + (-1 - 0) + 2?
1
Evaluate 18 + 3 + -17 + 4.
8
Calculate 3 - (2 + -5 - -2).
4
What is (-10 - -4) + 7 + -2 + 3?
2
What is -3 + (-1 - -2 - (-1 - -4))?
-5
What is 1 - (-9 - -8 - -7)?
-5
What is the value of 0 - 9 - -12 - (-6 + 2)?
7
0 - 5 - -17 - 9
3
What is 8 + (6 - (7 + 5))?
2
What is the value of 1 + 5 + -4 + -4?
-2
Evaluate 2 - 1 - 1 - (-160 - -157).
3
What is the value of 8 - (2 - (2 + -4))?
4
-1 + 0 + -1 - 2
-4
Evaluate 1 + 1 - 1 - 7.
-6
Calculate 1 + (-8 + -2 - -8).
-1
Calculate (-9 - -17 - 9) + -7.
-8
Calculate -1 - ((-3 - -8) + -7).
1
Calculate 6 - (8 - (2 - 9) - 7).
-2
Evaluate 4 - 0 - (3 + 0).
1
Calculate 5 + (-2 - (12 - 2 - 6)).
-1
-202 + 203 - (0 - (1 + -5))
-3
Calculate -2 + 0 + 9 - 2.
5
What is the value of -11 - (3 - (17 + -4 + -3))?
-4
Evaluate 10 + -3 + -1 - (10 - 12).
8
Calculate (-2 - -2 - -7) + (-61 - -65).
11
What is -1 + -9 - -9 - 0?
-1
What is -6 - (-3 + 2 + -4 + 3)?
-4
What is 7 + (5 - 17) - 2?
-7
What is the value of -8 - (-9 + 2 - 4)?
3
What is (20 - 18) + -2 + 6?
6
Calculate (3 - (9 + (-1 - 2))) + -1.
-4
-3 - (-4 - ((-5 - 0) + 5))
1
9 + -12 - (0 - (0 - 1))
-4
What is -6 + 4 + 3 + -3?
-2
What is (0 - 1) + 2 + (80 - 74)?
7
What is -1 + -5 - (3 + 6 - 12)?
-3
-3 + 7 + -2 + (-3 - -7)
6
(-6 - -11) + -4 - 6 - 4
-9
(1 - -4) + (-6 - (9 + -15))
5
Evaluate 2 + -13 + 3 + 8.
0
Evaluate -8 + (8 - 0 - 6).
-6
Calculate -8 + 0 + (18 - 20 - -14).
4
-1 - 3 - -2 - -3
1
Calculate 7 - (-3 + 3 + -1 + 8).
0
3 + -2 + 3 + 2 + -2
4
7 - (6 - 4 - -10)
-5
Calculate -11 - 0 - (43 + -48).
-6
What is the value of (-2 - -6) + (-6 - (-7 - 1))?
6
Calculate 3 + (0 - 2) + -1.
0
(-2 + 4 - (-15 - -9)) + -5
3
Evaluate 1 + 0 - (9 - 3).
-5
Evaluate -13 - -1 - -5 - -12.
5
0 - (0 + -1) - (-5 - -7)
-1
3 - (-4 - (-6 - (3 + -7)))
5
Evaluate 4 - (1 - -1 - (1 - 0)).
3
Evaluate 2 + (6 - 8 - (0 - -1)).
-1
Evaluate -1 + (2 - 1) + -13 + 15.
2
Evaluate -6 + 5 + -6 + 4.
-3
What is -3 + (1 - 0) + (12 - 8)?
2
What is 3 - ((-2 - -8) + -2)?
-1
Evaluate (45 - 40) + 2 + 0 + 0.
7
Evaluate 0 - (2 + (-1 - -2) + -5).
2
Calculate 0 + 1 + 1 + -5.
-3
Calculate 1 + (-3 - (-6 - 0)).
4
(4 - -5) + (31 - 42)
-2
-3 + 9 + (-4 - (-7 + 5))
4
What is the value of 1 - (1 + -2) - (-33 + 28)?
7
Calculate 6 + (-12 - -7 - 3).
-2
Calculate -5 - ((-2 + 6 - 8) + -1).
0
Evaluate -5 + -1 + (2 - (5 - 6)).
-3
Calculate 2 + (-2 - 3) - 2.
-5
Evaluate 1 - (-12 - (0 - 3)).
10
Calculate (-1 - (5 + -6 + 3)) + 4.
1
What is (-3 - 2) + -35 + 48 - -1?
9
(-86 - -74) + 3 + 15
6
What is the value of 4 - (2 + 1) - 3?
-2
Calculate 4 - (8 + 1 + 0).
-5
Evaluate 3 + 3 + -10 + 7.
3
What is (5 - 13 - -4) + 7?
3
Evaluate 2 + (-1 - 0) + 25 + -21.
5
Calculate -1 - 4 - (-4 - (3 - 7)).
-5
What is (7 - 3) + -3 - (1 + -3)?
3
What is 1 + 3 + (1 - 2) + 0?
3
Evaluate 3 - (-2 + 4 + -4).
5
Calculate 4 + (3 - (-1 + 2 - -2)).
4
0 + -2 + (-4 - -10) + -5
-1
Calculate (-5 - (-5 + 3)) + -1.
-4
(-1 - (-7 + (5 - 4))) + 0
5
Calculate 4 - -2 - (3 + -3 - -3).
3
Evaluate 10 + -23 - (-8 + 3).
-8
What is the value of 1 + 5 + 2 + 7 + -14?
1
Evaluate 1 + (1 + 3 - 4).
1
-6 + (6 - 3) - (-5 - -1)
1
Evaluate -3 - (-4 - (-5 - -2)).
-2
What is (-1 - (-1 - (3 - 4))) + -4?
-5
Calculate (3 - (0 - 1)) + -3 + 0.
1
What is -14 + 17 + (-7 - -1)?
-3
What is (-3 - -2) + 2 + -2?
-1
What is the value of 1 + (2 - -4 - 3)?
4
What is -4 + -9 + 0 + 11?
-2
What is -2 + -1 + -6 + 8 + 5?
4
Evaluate -1 + 0 + 12 + -20 + 6.
-3
Evaluate 4 + -3 + 6 + -9.
-2
Evaluate 8 + 8 + (3 - 3) + -23.
-7
4 + (1 - (0 + 1))
4
What is the value of -2 + 8 - (5 + -3)?
4
Evaluate (0 - 5) + 9 + -7.
-3
Calculate 9 - (24 - 12) - (0 + -1).
-2
-2 - (6 - (8 + 0) - 7)
7
-6 + (0 + 7 + -4 - 2)
-5
What is 0 + (-7 - -4) - 2?
-5
Calculate -3 - 2 - (2 + -4 + -3).
0
What is the value of 0 - (8 + 3 - 5)?
-6
Calculate -3 - -7 - (3 - 3).
4
21 + -26 + 8 + 2
5
Calculate 1 - ((-8 - -3) + 1) - 5.
0
-7 + (7 + 2 + -5 - 3)
-6
Evaluate (-1 - -2) + (-4 - 0).
-3
-1 - 2 - (15 + -22)
4
Evaluate -2 - -5 - 1 - 0.
2
(1 + -12 - -1) + 4 + 2
-4
-3 - (7 + -4 - (-1 + 2))
-5
Evaluate -12 + 5 + 2 - -10.
5
What is the value of (-16 - -9) + -3 + 17?
7
What is the value of (-16 - -13) + -2 + 10?
5
Calculate 2 - ((45 - 44) + 1 + 0).
0
Evaluate (32 - 26 - (6 + -1)) + -2.
-1
Calculate -3 - (-5 - (0 - 3)).
-1
Calculate 2 + 1 + -6 + -2 + 0.
-5
-10 - (-2 + -4) - (-2 + 1)
-3
What is -14 + 4 + 8 + 1?
-1
-6 - (-3 + 1 - 1)
-3
What is 2 + -5 + (2 - (-9 + 2))?
6
Calculate 5 - (-6 + 1) - 1.
9
Calculate 1 + 3 + 0 - (5 - -1).
-2
6 - 5 - (8 - 1)
-6
What is -2 - ((6 - 9) + 0)?
1
6 - (